{"id":40,"date":"2023-04-02T12:37:34","date_gmt":"2023-04-02T10:37:34","guid":{"rendered":"https:\/\/www.mystress.fr\/?page_id=40"},"modified":"2023-04-03T21:36:01","modified_gmt":"2023-04-03T19:36:01","slug":"outils","status":"publish","type":"page","link":"https:\/\/www.mystress.fr\/?page_id=40","title":{"rendered":"Outils"},"content":{"rendered":"\n<p class=\"has-large-font-size\"><strong>Vid\u00e9o et dispositifs pour la pratique de la coh\u00e9rence cardiaque<\/strong><\/p>\n\n\n\n<div class=\"wp-block-media-text is-stacked-on-mobile\" style=\"grid-template-columns:51% auto\"><figure class=\"wp-block-media-text__media\"><video controls src=\"https:\/\/www.mystress.fr\/wp-content\/uploads\/2023\/04\/Coherence_mystress_android.mp4\"><\/video><\/figure><div class=\"wp-block-media-text__content\">\n<p>Une vid\u00e9o de 3 minutes qui vous permet de pratiquer la coh\u00e9rence cardiaque en toute libert\u00e9 depuis un smartphone ou un ordinateur portable.<\/p>\n<\/div><\/div>\n\n\n\n<div class=\"wp-block-media-text is-stacked-on-mobile\" style=\"grid-template-columns:51% auto\"><figure class=\"wp-block-media-text__media\"><a href=\"https:\/\/franck-durand.com\/mystress\/exercices\/observance\/coherance.html\"><img loading=\"lazy\" decoding=\"async\" width=\"986\" height=\"383\" src=\"https:\/\/www.mystress.fr\/wp-content\/uploads\/2023\/04\/personnalisable.png\" alt=\"\" class=\"wp-image-128 size-full\" srcset=\"https:\/\/www.mystress.fr\/wp-content\/uploads\/2023\/04\/personnalisable.png 986w, https:\/\/www.mystress.fr\/wp-content\/uploads\/2023\/04\/personnalisable-300x117.png 300w, https:\/\/www.mystress.fr\/wp-content\/uploads\/2023\/04\/personnalisable-768x298.png 768w\" sizes=\"auto, (max-width: 986px) 100vw, 986px\" \/><\/a><\/figure><div class=\"wp-block-media-text__content\">\n<p>Application de relaxation personnalisable avec vos photographies et votre logo version 1.<\/p>\n<\/div><\/div>\n\n\n\n<div class=\"wp-block-media-text is-stacked-on-mobile\" style=\"grid-template-columns:51% auto\"><figure class=\"wp-block-media-text__media\"><a href=\"https:\/\/franck-durand.com\/mystress\/exercices\/observance\/coherance2.html\"><img loading=\"lazy\" decoding=\"async\" width=\"614\" height=\"501\" src=\"https:\/\/www.mystress.fr\/wp-content\/uploads\/2023\/04\/personnalisable2.png\" alt=\"\" class=\"wp-image-131 size-full\" srcset=\"https:\/\/www.mystress.fr\/wp-content\/uploads\/2023\/04\/personnalisable2.png 614w, https:\/\/www.mystress.fr\/wp-content\/uploads\/2023\/04\/personnalisable2-300x245.png 300w\" sizes=\"auto, (max-width: 614px) 100vw, 614px\" \/><\/a><\/figure><div class=\"wp-block-media-text__content\">\n<p>Application de relaxation personnalisable avec vos photographies et votre logo version 2.<\/p>\n<\/div><\/div>\n\n\n\n<div class=\"wp-block-media-text is-stacked-on-mobile\" style=\"grid-template-columns:29% auto\"><figure class=\"wp-block-media-text__media\"><img loading=\"lazy\" decoding=\"async\" width=\"325\" height=\"351\" src=\"https:\/\/www.mystress.fr\/wp-content\/uploads\/2023\/04\/irelax.jpg\" alt=\"\" class=\"wp-image-66 size-full\" srcset=\"https:\/\/www.mystress.fr\/wp-content\/uploads\/2023\/04\/irelax.jpg 325w, https:\/\/www.mystress.fr\/wp-content\/uploads\/2023\/04\/irelax-278x300.jpg 278w\" sizes=\"auto, (max-width: 325px) 100vw, 325px\" \/><\/figure><div class=\"wp-block-media-text__content\">\n<p>Dispositif autonome permettant de pratiquer la coh\u00e9rence cardiaque et de mesurer la variabilit\u00e9 cardiaque sur 3 domaines de fr\u00e9quences durant les ateliers pratiques.<\/p>\n<\/div><\/div>\n\n\n\n<div class=\"wp-block-media-text is-stacked-on-mobile\"><figure class=\"wp-block-media-text__media\"><img loading=\"lazy\" decoding=\"async\" width=\"465\" height=\"464\" src=\"https:\/\/www.mystress.fr\/wp-content\/uploads\/2023\/04\/capteur_bluetooth-1.png\" alt=\"\" class=\"wp-image-83 size-full\" srcset=\"https:\/\/www.mystress.fr\/wp-content\/uploads\/2023\/04\/capteur_bluetooth-1.png 465w, https:\/\/www.mystress.fr\/wp-content\/uploads\/2023\/04\/capteur_bluetooth-1-300x300.png 300w, https:\/\/www.mystress.fr\/wp-content\/uploads\/2023\/04\/capteur_bluetooth-1-150x150.png 150w\" sizes=\"auto, (max-width: 465px) 100vw, 465px\" \/><\/figure><div class=\"wp-block-media-text__content\">\n<p>Capteur Bluetooth oreille pour la mesure des intervalles RR (battements cardiaques). Capteur utilis\u00e9 avec les application IOs et Android ainsi qu&rsquo;avec notre application VFC en cours de d\u00e9veloppement.<\/p>\n\n\n\n<figure class=\"wp-block-image size-full\"><img loading=\"lazy\" decoding=\"async\" width=\"585\" height=\"312\" src=\"https:\/\/www.mystress.fr\/wp-content\/uploads\/2023\/04\/elitehrv.png\" alt=\"\" class=\"wp-image-84\" srcset=\"https:\/\/www.mystress.fr\/wp-content\/uploads\/2023\/04\/elitehrv.png 585w, https:\/\/www.mystress.fr\/wp-content\/uploads\/2023\/04\/elitehrv-300x160.png 300w\" sizes=\"auto, (max-width: 585px) 100vw, 585px\" \/><\/figure>\n<\/div><\/div>\n\n\n\n<div class=\"wp-block-media-text is-stacked-on-mobile\" style=\"grid-template-columns:39% auto\"><figure class=\"wp-block-media-text__media\"><img loading=\"lazy\" decoding=\"async\" width=\"177\" height=\"139\" src=\"https:\/\/www.mystress.fr\/wp-content\/uploads\/2023\/04\/stresspilot.png\" alt=\"\" class=\"wp-image-67 size-full\"\/><\/figure><div class=\"wp-block-media-text__content\">\n<p>Logiciel permettant d&rsquo;\u00e9tudier et de mettre en pratique les exercices de coh\u00e9rence cardiaque mais aussi de mesurer en temps r\u00e9el le spectre des fr\u00e9quences de  la variabilit\u00e9 de la fr\u00e9quence cardiaque. Ceci permet de faire des exercices de contr\u00f4le des \u00e9motions et de montrer l&rsquo;effet de la coh\u00e9rence cardiaque sur un stress.<\/p>\n\n\n\n<figure class=\"wp-block-image size-large\"><img loading=\"lazy\" decoding=\"async\" width=\"1024\" height=\"576\" src=\"https:\/\/www.mystress.fr\/wp-content\/uploads\/2023\/04\/Stress-9-1024x576.jpg\" alt=\"\" class=\"wp-image-86\" srcset=\"https:\/\/www.mystress.fr\/wp-content\/uploads\/2023\/04\/Stress-9-1024x576.jpg 1024w, https:\/\/www.mystress.fr\/wp-content\/uploads\/2023\/04\/Stress-9-300x169.jpg 300w, https:\/\/www.mystress.fr\/wp-content\/uploads\/2023\/04\/Stress-9-768x432.jpg 768w, https:\/\/www.mystress.fr\/wp-content\/uploads\/2023\/04\/Stress-9-1536x864.jpg 1536w, https:\/\/www.mystress.fr\/wp-content\/uploads\/2023\/04\/Stress-9-2048x1152.jpg 2048w\" sizes=\"auto, (max-width: 1024px) 100vw, 1024px\" \/><\/figure>\n<\/div><\/div>\n","protected":false},"excerpt":{"rendered":"<p>Vid\u00e9o et dispositifs pour la pratique de la coh\u00e9rence cardiaque Une vid\u00e9o de 3 minutes qui vous permet de pratiquer la coh\u00e9rence cardiaque en toute libert\u00e9 depuis un smartphone ou un ordinateur portable. Application de relaxation personnalisable avec vos photographies et votre logo version 1. Application de relaxation personnalisable avec vos photographies et votre logo [&hellip;]<\/p>\n","protected":false},"author":1,"featured_media":0,"parent":0,"menu_order":0,"comment_status":"closed","ping_status":"closed","template":"","meta":{"footnotes":""},"class_list":["post-40","page","type-page","status-publish","hentry"],"_links":{"self":[{"href":"https:\/\/www.mystress.fr\/index.php?rest_route=\/wp\/v2\/pages\/40","targetHints":{"allow":["GET"]}}],"collection":[{"href":"https:\/\/www.mystress.fr\/index.php?rest_route=\/wp\/v2\/pages"}],"about":[{"href":"https:\/\/www.mystress.fr\/index.php?rest_route=\/wp\/v2\/types\/page"}],"author":[{"embeddable":true,"href":"https:\/\/www.mystress.fr\/index.php?rest_route=\/wp\/v2\/users\/1"}],"replies":[{"embeddable":true,"href":"https:\/\/www.mystress.fr\/index.php?rest_route=%2Fwp%2Fv2%2Fcomments&post=40"}],"version-history":[{"count":9,"href":"https:\/\/www.mystress.fr\/index.php?rest_route=\/wp\/v2\/pages\/40\/revisions"}],"predecessor-version":[{"id":132,"href":"https:\/\/www.mystress.fr\/index.php?rest_route=\/wp\/v2\/pages\/40\/revisions\/132"}],"wp:attachment":[{"href":"https:\/\/www.mystress.fr\/index.php?rest_route=%2Fwp%2Fv2%2Fmedia&parent=40"}],"curies":[{"name":"wp","href":"https:\/\/api.w.org\/{rel}","templated":true}]}}