{"id":42,"date":"2023-04-02T12:39:03","date_gmt":"2023-04-02T10:39:03","guid":{"rendered":"https:\/\/www.mystress.fr\/?page_id=42"},"modified":"2023-04-02T13:31:09","modified_gmt":"2023-04-02T11:31:09","slug":"en-savoir-plus","status":"publish","type":"page","link":"https:\/\/www.mystress.fr\/?page_id=42","title":{"rendered":"En savoir plus"},"content":{"rendered":"\n<p><strong>Quelques explications, r\u00e9f\u00e9rences scientifiques, livres &#8230;<\/strong><\/p>\n\n\n\n<p>La coh\u00e9rence cardiaque est un \u00e9tat physiologique qui se caract\u00e9rise par une variabilit\u00e9 de la fr\u00e9quence cardiaque r\u00e9guli\u00e8re et harmonieuse. Cela se produit lorsque la respiration est r\u00e9guli\u00e8re et profonde, ce qui entra\u00eene une augmentation de la variabilit\u00e9 de la fr\u00e9quence cardiaque et une diminution de la tension art\u00e9rielle. Pour mesurer le niveau de coh\u00e9rence cardiaque, on utilise g\u00e9n\u00e9ralement un appareil de mesure de la variabilit\u00e9 de la fr\u00e9quence cardiaque, tel qu&rsquo;un \u00e9lectrocardiographe (ECG). Les valeurs des RR sont les intervalles de temps entre les battements cardiaques. La synchronisation de la fr\u00e9quence cardiaque et de la respiration peut \u00eatre \u00e9valu\u00e9e \u00e0 l&rsquo;aide de diff\u00e9rentes m\u00e9thodes. <\/p>\n\n\n\n<figure class=\"wp-block-image size-large\"><img loading=\"lazy\" decoding=\"async\" width=\"1024\" height=\"576\" src=\"https:\/\/www.mystress.fr\/wp-content\/uploads\/2023\/04\/coeur_vfc-1024x576.png\" alt=\"\" class=\"wp-image-59\" srcset=\"https:\/\/www.mystress.fr\/wp-content\/uploads\/2023\/04\/coeur_vfc-1024x576.png 1024w, https:\/\/www.mystress.fr\/wp-content\/uploads\/2023\/04\/coeur_vfc-300x169.png 300w, https:\/\/www.mystress.fr\/wp-content\/uploads\/2023\/04\/coeur_vfc-768x432.png 768w, https:\/\/www.mystress.fr\/wp-content\/uploads\/2023\/04\/coeur_vfc.png 1280w\" sizes=\"auto, (max-width: 1024px) 100vw, 1024px\" \/><\/figure>\n\n\n\n<p><strong>Voici quelques-unes des m\u00e9thodes les plus couramment utilis\u00e9es :   <\/strong><\/p>\n\n\n\n<p>\u00c9valuation subjective : Le sujet peut \u00eatre invit\u00e9 \u00e0 \u00e9valuer la synchronisation per\u00e7ue entre sa respiration et son rythme cardiaque. Cependant, cette m\u00e9thode peut \u00eatre biais\u00e9e par les attentes ou les croyances du sujet.    <\/p>\n\n\n\n<p>Mesure de la variabilit\u00e9 de la fr\u00e9quence cardiaque (VFC, HRV) : La VFC est une mesure de la variation de la fr\u00e9quence cardiaque entre les battements cardiaques. Une VFC plus \u00e9lev\u00e9e indique une meilleure capacit\u00e9 d&rsquo;adaptation du syst\u00e8me nerveux autonome. La VFC peut \u00eatre mesur\u00e9e \u00e0 l&rsquo;aide d&rsquo;un moniteur de fr\u00e9quence cardiaque portable.    <\/p>\n\n\n\n<p><strong>Mesure de la fr\u00e9quence respiratoire :<\/strong> La fr\u00e9quence respiratoire peut \u00eatre mesur\u00e9e \u00e0 l&rsquo;aide d&rsquo;un capteur de respiration ou en observant les mouvements du thorax et de l&rsquo;abdomen. La fr\u00e9quence respiratoire peut \u00eatre utilis\u00e9e pour \u00e9valuer la synchronisation avec la fr\u00e9quence cardiaque.    <\/p>\n\n\n\n<p><strong>Analyse de la coh\u00e9rence cardiaque :<\/strong> L&rsquo;analyse de la coh\u00e9rence cardiaque est une m\u00e9thode qui consiste \u00e0 visualiser les variations de la fr\u00e9quence cardiaque dans le temps. Une coh\u00e9rence \u00e9lev\u00e9e entre la respiration et le rythme cardiaque indique une synchronisation accrue. Il convient de noter que la synchronisation de la fr\u00e9quence cardiaque et de la respiration peut \u00eatre influenc\u00e9e par de nombreux facteurs, notamment l&rsquo;\u00e9tat \u00e9motionnel, la posture et l&rsquo;activit\u00e9 physique. Par cons\u00e9quent, il est important de prendre en compte ces facteurs lors de l&rsquo;\u00e9valuation de la synchronisation.<\/p>\n\n\n\n<p><strong>Agir avec la coh\u00e9rence cardiaque<\/strong><br>Lorsqu\u2019on impose un rythme respiratoire r\u00e9gulier lent, le c\u0153ur se synchronise sur la m\u00eame fr\u00e9quence. Ce ph\u00e9nom\u00e8ne s\u2019appelle l\u2019Arythmie Sinusale Respiratoire.<\/p>\n\n\n\n<p><strong>Effets physiques<\/strong><\/p>\n\n\n\n<p>R\u00e9duction de la pression art\u00e9rielle<br>R\u00e9duction du cortisol<br>Augmentation de la DHEA<br>Entrainement des ondes alpha<br>R\u00e9duction de l\u2019adiposit\u00e9 abdominale<br>Renforcement de la r\u00e9sistance immunitaire<br>S\u00e9cr\u00e9tion accrue d\u2019ocytocine par le c\u0153ur<\/p>\n\n\n\n<p><strong>Effets psychologiques<\/strong><\/p>\n\n\n\n<p>Augmentation de la performance<br>Am\u00e9lioration de la clart\u00e9 mentale<br>R\u00e9duction de l\u2019anxi\u00e9t\u00e9, de la d\u00e9pression et de l\u2019hostilit\u00e9<br>Augmentation de l\u2019optimisme<br>Am\u00e9lioration de la m\u00e9morisation<br>Am\u00e9lioration de l\u2019apprentissage<\/p>\n\n\n\n<p><strong>Quelques livres sur la variabilit\u00e9 cardiaque et sur la coh\u00e9rence cardiaque<\/strong>:<\/p>\n\n\n\n<figure class=\"wp-block-gallery has-nested-images columns-default is-cropped wp-block-gallery-1 is-layout-flex wp-block-gallery-is-layout-flex\">\n<figure class=\"wp-block-image size-full\"><img loading=\"lazy\" decoding=\"async\" width=\"449\" height=\"619\" data-id=\"63\" src=\"https:\/\/www.mystress.fr\/wp-content\/uploads\/2023\/04\/livre4.png\" alt=\"\" class=\"wp-image-63\" srcset=\"https:\/\/www.mystress.fr\/wp-content\/uploads\/2023\/04\/livre4.png 449w, https:\/\/www.mystress.fr\/wp-content\/uploads\/2023\/04\/livre4-218x300.png 218w\" sizes=\"auto, (max-width: 449px) 100vw, 449px\" \/><\/figure>\n\n\n\n<figure class=\"wp-block-image size-full\"><img loading=\"lazy\" decoding=\"async\" width=\"470\" height=\"623\" data-id=\"62\" src=\"https:\/\/www.mystress.fr\/wp-content\/uploads\/2023\/04\/livre3.png\" alt=\"\" class=\"wp-image-62\" srcset=\"https:\/\/www.mystress.fr\/wp-content\/uploads\/2023\/04\/livre3.png 470w, https:\/\/www.mystress.fr\/wp-content\/uploads\/2023\/04\/livre3-226x300.png 226w\" sizes=\"auto, (max-width: 470px) 100vw, 470px\" \/><\/figure>\n\n\n\n<figure class=\"wp-block-image size-full\"><img loading=\"lazy\" decoding=\"async\" width=\"359\" height=\"553\" data-id=\"61\" src=\"https:\/\/www.mystress.fr\/wp-content\/uploads\/2023\/04\/livre2.png\" alt=\"\" class=\"wp-image-61\" srcset=\"https:\/\/www.mystress.fr\/wp-content\/uploads\/2023\/04\/livre2.png 359w, https:\/\/www.mystress.fr\/wp-content\/uploads\/2023\/04\/livre2-195x300.png 195w\" sizes=\"auto, (max-width: 359px) 100vw, 359px\" \/><\/figure>\n\n\n\n<figure class=\"wp-block-image size-full\"><img loading=\"lazy\" decoding=\"async\" width=\"374\" height=\"572\" data-id=\"60\" src=\"https:\/\/www.mystress.fr\/wp-content\/uploads\/2023\/04\/livre1.png\" alt=\"\" class=\"wp-image-60\" srcset=\"https:\/\/www.mystress.fr\/wp-content\/uploads\/2023\/04\/livre1.png 374w, https:\/\/www.mystress.fr\/wp-content\/uploads\/2023\/04\/livre1-196x300.png 196w\" sizes=\"auto, (max-width: 374px) 100vw, 374px\" \/><\/figure>\n<\/figure>\n\n\n\n<p><\/p>\n","protected":false},"excerpt":{"rendered":"<p>Quelques explications, r\u00e9f\u00e9rences scientifiques, livres &#8230; La coh\u00e9rence cardiaque est un \u00e9tat physiologique qui se caract\u00e9rise par une variabilit\u00e9 de la fr\u00e9quence cardiaque r\u00e9guli\u00e8re et harmonieuse. Cela se produit lorsque la respiration est r\u00e9guli\u00e8re et profonde, ce qui entra\u00eene une augmentation de la variabilit\u00e9 de la fr\u00e9quence cardiaque et une diminution de la tension art\u00e9rielle. [&hellip;]<\/p>\n","protected":false},"author":1,"featured_media":0,"parent":0,"menu_order":0,"comment_status":"closed","ping_status":"closed","template":"","meta":{"footnotes":""},"class_list":["post-42","page","type-page","status-publish","hentry"],"_links":{"self":[{"href":"https:\/\/www.mystress.fr\/index.php?rest_route=\/wp\/v2\/pages\/42","targetHints":{"allow":["GET"]}}],"collection":[{"href":"https:\/\/www.mystress.fr\/index.php?rest_route=\/wp\/v2\/pages"}],"about":[{"href":"https:\/\/www.mystress.fr\/index.php?rest_route=\/wp\/v2\/types\/page"}],"author":[{"embeddable":true,"href":"https:\/\/www.mystress.fr\/index.php?rest_route=\/wp\/v2\/users\/1"}],"replies":[{"embeddable":true,"href":"https:\/\/www.mystress.fr\/index.php?rest_route=%2Fwp%2Fv2%2Fcomments&post=42"}],"version-history":[{"count":2,"href":"https:\/\/www.mystress.fr\/index.php?rest_route=\/wp\/v2\/pages\/42\/revisions"}],"predecessor-version":[{"id":64,"href":"https:\/\/www.mystress.fr\/index.php?rest_route=\/wp\/v2\/pages\/42\/revisions\/64"}],"wp:attachment":[{"href":"https:\/\/www.mystress.fr\/index.php?rest_route=%2Fwp%2Fv2%2Fmedia&parent=42"}],"curies":[{"name":"wp","href":"https:\/\/api.w.org\/{rel}","templated":true}]}}