{"id":75,"date":"2023-04-02T14:54:59","date_gmt":"2023-04-02T12:54:59","guid":{"rendered":"https:\/\/www.mystress.fr\/?page_id=75"},"modified":"2023-10-28T13:06:54","modified_gmt":"2023-10-28T11:06:54","slug":"articles-et-informations","status":"publish","type":"page","link":"https:\/\/www.mystress.fr\/?page_id=75","title":{"rendered":"Articles et informations"},"content":{"rendered":"\n<p>Retrouvez ici les actualit\u00e9s, informations, nouveaut\u00e9s, etc&#8230;<\/p>\n\n\n\n<figure class=\"wp-block-embed is-type-video is-provider-youtube wp-block-embed-youtube wp-embed-aspect-16-9 wp-has-aspect-ratio\"><div class=\"wp-block-embed__wrapper\">\n<iframe loading=\"lazy\" title=\"9 - Respiration et cardiologie : la coh\u00e9rence cardiaque\" width=\"500\" height=\"281\" src=\"https:\/\/www.youtube.com\/embed\/QkOCO30Uw1c?feature=oembed\" frameborder=\"0\" allow=\"accelerometer; autoplay; clipboard-write; encrypted-media; gyroscope; picture-in-picture; web-share\" referrerpolicy=\"strict-origin-when-cross-origin\" allowfullscreen><\/iframe>\n<\/div><figcaption class=\"wp-element-caption\">Intervention de Jean-Pierre HOUPPE sur la coh\u00e9rence cardiaque avec qui j&rsquo;ai l&rsquo;occasion d&rsquo;animer des ateliers de coh\u00e9rence cardiaque en entreprise \u00e0 destination des m\u00e9decins du travail, des infirmi\u00e8res et du personnel dans le cadre de la pr\u00e9vention du stress et du burnout ainsi que des risques cardiovasculaires.<\/figcaption><\/figure>\n\n\n\n<div class=\"wp-block-group has-global-padding is-layout-constrained wp-block-group-is-layout-constrained\"><ul class=\"wp-block-latest-posts__list has-dates wp-block-latest-posts\"><li><a class=\"wp-block-latest-posts__post-title\" href=\"https:\/\/www.mystress.fr\/?p=135\">Utilisation des outils de mesure de la Variabilit\u00e9 cardiaque (VFC ou HRV) dans l\u2019entra\u00eenement du sportif peuvent \u00eatre utilis\u00e9s comme atout compl\u00e9mentaire vers la performance et l\u2019optimisation des entra\u00eenements.<\/a><time datetime=\"2023-04-14T19:17:18+02:00\" class=\"wp-block-latest-posts__post-date\">14 avril 2023<\/time><div class=\"wp-block-latest-posts__post-excerpt\">\u2026 Il est maintenant bien \u00e9tabli que durant les heures qui suivent un exercice physique, le niveau de VFC est fortement effondr\u00e9. Ensuite, au fil du temps, la variabilit\u00e9 globale et les hautes fr\u00e9quences (HF) remontent et d\u00e9passent m\u00eame parfois leur niveau initial avant la s\u00e9ance. Ce ph\u00e9nom\u00e8ne de rebond, qui survient dans un d\u00e9lai\u2026 <a class=\"wp-block-latest-posts__read-more\" href=\"https:\/\/www.mystress.fr\/?p=135\" rel=\"noopener noreferrer\">Lire la suite<span class=\"screen-reader-text\">\u00a0: Utilisation des outils de mesure de la Variabilit\u00e9 cardiaque (VFC ou HRV) dans l\u2019entra\u00eenement du sportif peuvent \u00eatre utilis\u00e9s comme atout compl\u00e9mentaire vers la performance et l\u2019optimisation des entra\u00eenements.<\/span><\/a><\/div><\/li>\n<li><a class=\"wp-block-latest-posts__post-title\" href=\"https:\/\/www.mystress.fr\/?p=117\">Quelques articles sur la variabilit\u00e9 de la fr\u00e9quence cardiaque (VFC), Heart Rate Variability (HRV):<\/a><time datetime=\"2023-04-02T20:53:56+02:00\" class=\"wp-block-latest-posts__post-date\">2 avril 2023<\/time><div class=\"wp-block-latest-posts__post-excerpt\">L\u2019utilisation d\u2019un nouveau syst\u00e8me d\u2019enregistrement de fr\u00e9quence cardiaque battement \u00e0 battement pour l\u2019analyse traditionnelle de variabilit\u00e9 de fr\u00e9quence cardiaque Using of new beat to beat recorder system for traditional analysis of heart rate variabilityJ. Cassiramea, N. Tordia, L. Mourota, M. Rakobowchukc, J. Regnarda, \u00c9quipe d\u2019accueil 3920 \u00ab Physiopathologie cardiovasculaire et pr\u00e9vention \u00bb, place Saint-Jacques, 25000\u2026 <a class=\"wp-block-latest-posts__read-more\" href=\"https:\/\/www.mystress.fr\/?p=117\" rel=\"noopener noreferrer\">Lire la suite<span class=\"screen-reader-text\">\u00a0: Quelques articles sur la variabilit\u00e9 de la fr\u00e9quence cardiaque (VFC), Heart Rate Variability (HRV):<\/span><\/a><\/div><\/li>\n<li><a class=\"wp-block-latest-posts__post-title\" href=\"https:\/\/www.mystress.fr\/?p=109\">Quelques r\u00e9f\u00e9rences scientifiques sur la coh\u00e9rence cardiaque<\/a><time datetime=\"2023-04-02T20:19:05+02:00\" class=\"wp-block-latest-posts__post-date\">2 avril 2023<\/time><div class=\"wp-block-latest-posts__post-excerpt\">Slow breathing reduces sympathoexcitation in COPD T. Raupach, F. Bahr, P. Herrmann#, L. Luethje, K. Heusser\u00a0\u00bb , G. Hasenfu\u00df,L. Bernardi+,1 and S. Andreas*,e The effects of biofeedback in diabetes and essential hypertension ANGELE McGRADY, PhD, MEd, LPCCProfessor, Department of Psychiatry, University of Toledo, Toledo, OH The Effects of Respiratory Sinus Arrhythmia Biofeedback on Heart Rate\u2026 <a class=\"wp-block-latest-posts__read-more\" href=\"https:\/\/www.mystress.fr\/?p=109\" rel=\"noopener noreferrer\">Lire la suite<span class=\"screen-reader-text\">\u00a0: Quelques r\u00e9f\u00e9rences scientifiques sur la coh\u00e9rence cardiaque<\/span><\/a><\/div><\/li>\n<li><a class=\"wp-block-latest-posts__post-title\" href=\"https:\/\/www.mystress.fr\/?p=92\">Ateliers \u00ab\u00a0Gestion du Stress\u00a0\u00bb<\/a><time datetime=\"2023-04-02T15:53:14+02:00\" class=\"wp-block-latest-posts__post-date\">2 avril 2023<\/time><div class=\"wp-block-latest-posts__post-excerpt\">Introduction \u00e0 la coh\u00e9rence cardiaque et \u00e0 la Variabilit\u00e9 cardiaque Comprendre et mesurer l\u2019action du stress sur notre c\u0153ur et nos organeset apprendre \u00e0 agir par la mise en \u0153uvre d\u2019exercices de coh\u00e9rence cardiaque. \u00ab&nbsp;R\u00e9aliser une crise de calme\u2026&nbsp;\u00bb Participez aux ateliers de mise en \u0153uvre de la coh\u00e9rence cardiaque. C\u0153ur, respiration, \u00e9motions \u2013 le\u2026 <a class=\"wp-block-latest-posts__read-more\" href=\"https:\/\/www.mystress.fr\/?p=92\" rel=\"noopener noreferrer\">Lire la suite<span class=\"screen-reader-text\">\u00a0: Ateliers \u00ab\u00a0Gestion du Stress\u00a0\u00bb<\/span><\/a><\/div><\/li>\n<li><a class=\"wp-block-latest-posts__post-title\" href=\"https:\/\/www.mystress.fr\/?p=1\">La coh\u00e9rence cardiaque&#8230;<\/a><time datetime=\"2023-04-01T22:35:23+02:00\" class=\"wp-block-latest-posts__post-date\">1 avril 2023<\/time><div class=\"wp-block-latest-posts__post-excerpt\">La coh\u00e9rence cardiaque est un \u00e9tat physiologique qui se caract\u00e9rise par une variabilit\u00e9 de la fr\u00e9quence cardiaque r\u00e9guli\u00e8re et harmonieuse. Cela se produit lorsque la respiration est r\u00e9guli\u00e8re et profonde, ce qui entra\u00eene une augmentation de la variabilit\u00e9 de la fr\u00e9quence cardiaque et une diminution de la tension art\u00e9rielle.!<\/div><\/li>\n<\/ul>\n\n\n<p><\/p>\n<\/div>\n","protected":false},"excerpt":{"rendered":"<p>Retrouvez ici les actualit\u00e9s, informations, nouveaut\u00e9s, etc&#8230;<\/p>\n","protected":false},"author":1,"featured_media":0,"parent":0,"menu_order":0,"comment_status":"closed","ping_status":"closed","template":"","meta":{"footnotes":""},"class_list":["post-75","page","type-page","status-publish","hentry"],"_links":{"self":[{"href":"https:\/\/www.mystress.fr\/index.php?rest_route=\/wp\/v2\/pages\/75","targetHints":{"allow":["GET"]}}],"collection":[{"href":"https:\/\/www.mystress.fr\/index.php?rest_route=\/wp\/v2\/pages"}],"about":[{"href":"https:\/\/www.mystress.fr\/index.php?rest_route=\/wp\/v2\/types\/page"}],"author":[{"embeddable":true,"href":"https:\/\/www.mystress.fr\/index.php?rest_route=\/wp\/v2\/users\/1"}],"replies":[{"embeddable":true,"href":"https:\/\/www.mystress.fr\/index.php?rest_route=%2Fwp%2Fv2%2Fcomments&post=75"}],"version-history":[{"count":3,"href":"https:\/\/www.mystress.fr\/index.php?rest_route=\/wp\/v2\/pages\/75\/revisions"}],"predecessor-version":[{"id":140,"href":"https:\/\/www.mystress.fr\/index.php?rest_route=\/wp\/v2\/pages\/75\/revisions\/140"}],"wp:attachment":[{"href":"https:\/\/www.mystress.fr\/index.php?rest_route=%2Fwp%2Fv2%2Fmedia&parent=75"}],"curies":[{"name":"wp","href":"https:\/\/api.w.org\/{rel}","templated":true}]}}